t?
4
Let j(c) be the second derivative of c**5/10 + c**4/2 - 9*c**3/2 - 3*c**2 + 54*c + 2. What is the units digit of j(8)?
6
Suppose 0 = -4*i + 21 - 5. Suppose 5*t + c = 10, -4*t - 4 = i*c - 12. Suppose -t*n + 103 = -35. What is the units digit of n?
9
Suppose 0 = -s + 4*h + 8 + 22, 0 = 3*s + h - 51. Let r(g) = 5*g**2 - 28*g + 79. What is the tens digit of r(s)?
9
Let r(w) = -w**3 + 5*w**2 + 12*w - 17. Let m(l) = l - 1. Let d(i) = 4*m(i) - r(i). Let o be d(6). Let k = 16 + o. What is the units digit of k?
7
Suppose 5*f - 2*f = -3*t + 35769, 23837 = 2*f - t. What is the ten thousands digit of f?
1
Let b be 30*1/(10/4). Suppose -b*a + 534 = -858. Let r = -90 + a. What is the units digit of r?
6
Suppose -6 = i - 0*p + 3*p, 4*i + 68 = -p. What is the tens digit of i - -554 - (-5)/1?
4
Let g = 386 - 1030. Let m = 275 - g. What is the units digit of m?
9
Suppose -21*a = -23*a - 18. Let z be 3 + 6/a + (-8)/(-3). Suppose -490 - 488 = -z*o - 4*r, -4*o + 5*r = -766. What is the hundreds digit of o?
1
Suppose -g - 5*n + 7776 = 0, -3*g = -5*n - 7470 - 15758. What is the tens digit of g?
5
Let r(y) = 5*y**3 - 4*y**2 + 7*y - 4. Let z(t) = -t**3 + 12*t**2 - 10*t - 9. Let o = -47 - -58. Let s be z(o). What is the tens digit of r(s)?
3
Let s(k) = 131*k**2 - 6*k + 3*k - 61*k**2 + 66*k**2. What is the tens digit of s(1)?
3
Suppose -5*o + 4*o - c = -8, 2 = o - 2*c. Let l be (55/15 - 4)*(0 - 438). Suppose -3*s + 4*u - l = -o*s, 3*u = -12. What is the tens digit of s?
5
Suppose -3*b - 4 = -4*v, 21 - 3 = -3*b - 3*v. Let x be ((0 - -4) + b)*-1. Suppose x = -5*p - 14 + 119. What is the tens digit of p?
2
Let k be 12/(-30) + (-4869)/15. Let c = k - -829. What is the hundreds digit of c?
5
Suppose 0 = -6*h - 6915 + 35859. Suppose h = -3*z + 11*z. What is the hundreds digit of z?
6
What is the tens digit of (2/(180/486))/((-1)/(-2105))?
6
Let n = 68 - -98. Suppose 457 = t + n. Suppose 4*g - t = -u, -3*g = 5*u - 8*g - 1380. What is the hundreds digit of u?
2
Suppose 0 = 3*s - 5*s + 2, -4*s - 22512 = -2*a. Suppose 0*q - a = -13*q. What is the tens digit of q?
6
Let o(c) = 8*c**3 + 4*c**2 - 2*c - 2. Let n be o(2). Let g be (-14 - -325) + (-3)/(18/6). Suppose 6*y - n - g = 0. What is the tens digit of y?
6
Let j(l) be the third derivative of l**5/15 + 19*l**4/12 - 99*l**3/2 - 157*l**2. What is the tens digit of j(7)?
6
Suppose 0 = 221*w - 11926148 + 2620059. What is the thousands digit of w?
2
Suppose 624 = 7*a - 20*a. What is the units digit of 175/(-3)*(a + 45)?
5
Let u(n) = -n - 1. Let f(k) = -7*k - 8. Let t(b) = 2*f(b) - 22*u(b). Suppose -4*j - 4 = -24. What is the tens digit of t(j)?
4
Suppose -82087 = -5*i - 3*c + 88210, 170243 = 5*i - 3*c. What is the thousands digit of i?
4
Suppose -3*v + 3*x + 1470 = 0, 13*x - 16*x - 496 = -v. What is the units digit of -10 - (-135)/9 - v*-1?
2
Suppose -222*s + 3695 = 5*i - 223*s, -4*s = -20. What is the hundreds digit of i?
7
Let i(d) = -435*d - 203. Let j(b) = -109*b - 51. Let v(a) = 2*i(a) - 9*j(a). What is the tens digit of v(3)?
8
Let v be 1/(9/6)*(-462)/(-44). What is the hundreds digit of 1 - (-18)/(-14) - (-4657)/v?
6
Suppose a + 24*a + 200 = 0. Let d(f) be the third derivative of -f**6/120 - f**5/20 + 19*f**4/24 + 5*f**3/6 - 2*f**2. What is the units digit of d(a)?
3
Suppose -15*i + 62 = 152. Let l(d) = -2*d**3 - 7*d**2 - 6*d - 24. What is the hundreds digit of l(i)?
1
Suppose 0 = -0*t - 7*t + 28. Suppose 12*o = 10*o + 736. Suppose -2*z = -t*y + o, -4*z = -9*y + 4*y + 463. What is the tens digit of y?
9
Suppose 64 - 24 = 8*a. Suppose -1 = -q + a*c, 2*q = 5*q + 3*c - 3. What is the tens digit of ((-16)/(-18) - q)*-6*168?
1
Let h be 2/17 + (7 - (-242)/(-34)). Suppose h = -8*s + 4660 + 4292. What is the units digit of s?
9
Let b be (-1)/(8/20 - 54/60). Suppose -4*f = 2*i - 0*f - 1674, 0 = -b*f + 6. What is the tens digit of i?
3
Let q(f) = f**2 - 24*f - 11. Let o = -160 - -203. What is the hundreds digit of q(o)?
8
Suppose 40*a + 25271 = 2*b + 43*a, -3*a = 3. What is the ten thousands digit of b?
1
Suppose -4*t + 11 = -73. Suppose i + 20 = 4*l, t = -4*i + 2*l - 3. What is the units digit of 11/44 - 575/i?
4
Let u(a) = 510*a**2 + 4*a - 3. Let t be u(1). Suppose 0 = -3*b + t + 629. What is the tens digit of b?
8
Let u = -33 - -31. Let p be (9/u - -2)*-14. Suppose 0 = g + 3*g + 8, p = w + 4*g. What is the units digit of w?
3
What is the thousands digit of (1 - 2559/2)/(((-46)/(-23))/(-4))?
2
Let g(w) = -15*w - 11 - 7*w - 4*w. Suppose -28*r + 37*r = -36. What is the units digit of g(r)?
3
What is the hundreds digit of (-31 + 3)*((-1870)/4 - 6)?
2
Let j be -336 + (-14)/21*-12. Let x = 459 + j. What is the hundreds digit of x?
1
Suppose -247918 = -45*g + 348692. What is the units digit of g?
8
Let c(w) = 224*w - 105. Let i(y) = -10*y + 157. Let b be i(15). What is the hundreds digit of c(b)?
4
Let w = -12166 + 17820. What is the hundreds digit of w?
6
Let r(j) = j**3 - 82*j**2 - 115*j + 1972. What is the tens digit of r(84)?
2
Let r(v) = -335*v + 179. What is the units digit of r(-13)?
4
What is the ten thousands digit of 59000 + (-2)/2*-7 + (-2 - 4)?
5
Let o(s) = s**3 + 14*s**2 + 14*s + 19. Let b be o(-13). Suppose -3*p + b = -9. What is the units digit of 14*p*(-27)/(-18)?
5
Let v be 2/4*4*(-1494)/9. Let c = 581 + v. What is the units digit of c?
9
Let t = 1378 - -8978. What is the units digit of t?
6
Suppose 0 = -4588*b + 4566*b + 457402. What is the tens digit of b?
9
Let o = 1271 - -2828. What is the tens digit of o?
9
Let p = -656 + 1248. Suppose -208 - 226 = -3*a - l, p = 4*a - 2*l. What is the tens digit of a?
4
Let n(x) be the second derivative of x**4/4 + 19*x**3/6 - 25*x**2/2 - 11*x - 2. What is the hundreds digit of n(9)?
3
Let g(x) = x**3 - 16*x**2 + x - 16. Let u(l) = -l**2 + 9*l + 2. Let o be u(7). Let p be g(o). Let f(i) = 3*i**2 + i + 30. What is the units digit of f(p)?
0
Suppose 0 = 9*l - 26779 - 23702. What is the thousands digit of l?
5
Let j = 1253 - 1500. Let u(t) = 4*t. Let s be u(-5). Let x = s - j. What is the tens digit of x?
2
Suppose 5*h - 228520 = 5*w, 8*w = -4*h + 13*w + 182810. What is the thousands digit of h?
5
Suppose -2*m = 4*j + 950, -5*m - 1154 = 5*j + 46. Let g be j/4 - (-7)/(-28). Let o = 93 + g. What is the tens digit of o?
3
Let o(w) = 2*w**2 - 7*w + 10. Let j be o(4). Suppose -j - 2 = -8*a. Suppose a*t - 3*n = 233, -3*t - 5*n + 290 = -50. What is the tens digit of t?
1
Let n(c) = -c + c + 11*c - 1 - 9. Let o be n(3). Suppose 2*t - o = 111. What is the tens digit of t?
6
Suppose x = -a + 682, -3*x + 2738 = x - a. What is the tens digit of x + -2 + (-4 - 3)?
7
Suppose 0 = -d - 5*w + 2320, -5*d - w = -5*w - 11687. Suppose 0 = -3*l - 2*l + d. Let h = -256 + l. What is the tens digit of h?
1
Let t(j) = 2*j**3 + 71*j**2 + 18*j + 73. Let n be t(-33). Suppose n = 33*q - 27812. What is the hundreds digit of q?
9
Let p = -67 - -65. Let a be (0 + 30)*1/p. Let w = a + 29. What is the tens digit of w?
1
Suppose -33*i + 87*i = 1657043 - 342089. What is the ten thousands digit of i?
2
Let a(o) = o**2 - 5*o + 9. Let w be a(3). Suppose 3*r = -w*r + 132. What is the units digit of r?
2
Let v(b) = 2*b**2 + 16*b - 19. Let n be ((-36)/16)/((-27)/(-288)). What is the units digit of v(n)?
9
Let k = -41 + 19880. What is the hundreds digit of k?
8
Suppose -18 = -7*z + 3. Suppose -z*a = 4*a - 1988. Suppose -3*g + 103 = -2*g - 3*w, 3*g = 4*w + a. What is the units digit of g?
8
Let d(j) = -4*j + 5 + 2*j + j. Let u be (192/816)/(5/85). What is the units digit of d(u)?
1
Suppose 39949 = 5*t - 2*p - 50756, -t - p = -18148. What is the hundreds digit of t?
1
Let f be 8/(-12)*(14/(-4) + -1). Suppose -f*t - 150 = -13*t. Let a = t + 13. What is the units digit of a?
8
Suppose 2*x + v - 14527 = 0, x + 51*v - 48*v = 7281. What is the tens digit of x?
6
Suppose -126*j + 122*j = -4312. Let w = j - 762. What is the units digit of w?
6
Let a(l) be the second derivative of 37*l**3/6 - 5*l**2/2 + 18*l. Let s be a(1). Let j = 91 + s. What is the units digit of j?
3
Let b = 505 + -523. Let o(w) = -w**2 - 69*w + 42. What is the tens digit of o(b)?
6
What is the tens digit of 19882 + ((-10)/5 - (-5 + 12))?
7
Suppose -56585 = 61*x - 214758. What is the units digit of x?
3
Let y(b) = -6*b**2 - 2*b - 2. Let o be y(-1). Let t(p) = 2*